{"id":1514,"date":"2021-11-24T16:04:58","date_gmt":"2021-11-24T16:04:58","guid":{"rendered":"https:\/\/innotub.eu\/?post_type=activitat&#038;p=1514"},"modified":"2021-11-24T16:06:29","modified_gmt":"2021-11-24T16:06:29","slug":"participacio-al-15th-vaccine-congress","status":"publish","type":"activitat","link":"https:\/\/innotub.eu\/ca\/activitat\/participacio-al-15th-vaccine-congress\/","title":{"rendered":"Participaci\u00f3 al 15th Vaccine Congress"},"content":{"rendered":"\n<p>El projecte Innotub desenvolupa una acci\u00f3 sobre el control de a tuberculosi animal mitjan\u00e7ant el desenvolupament i avaluaci\u00f3 de vacunes que es presentaran al  15th Vaccine Congr\u00e9s.<\/p>\n","protected":false},"featured_media":1520,"template":"","area":[9],"class_list":["post-1514","activitat","type-activitat","status-publish","has-post-thumbnail","hentry","area-cientific"],"yoast_head":"<!-- This site is optimized with the Yoast SEO plugin v27.5 - https:\/\/yoast.com\/product\/yoast-seo-wordpress\/ -->\n<title>Participaci\u00f3 al 15th Vaccine Congress &#187; Innotub<\/title>\n<meta name=\"robots\" content=\"index, follow, max-snippet:-1, max-image-preview:large, max-video-preview:-1\" \/>\n<link rel=\"canonical\" href=\"https:\/\/innotub.eu\/ca\/activitat\/participacio-al-15th-vaccine-congress\/\" \/>\n<meta property=\"og:locale\" content=\"ca_ES\" \/>\n<meta property=\"og:type\" content=\"article\" \/>\n<meta property=\"og:title\" content=\"Participaci\u00f3 al 15th Vaccine Congress &#187; Innotub\" \/>\n<meta property=\"og:description\" content=\"El projecte Innotub desenvolupa una acci\u00f3 sobre el control de a tuberculosi...\" \/>\n<meta property=\"og:url\" content=\"https:\/\/innotub.eu\/ca\/activitat\/participacio-al-15th-vaccine-congress\/\" \/>\n<meta property=\"og:site_name\" content=\"Innotub\" \/>\n<meta property=\"article:modified_time\" content=\"2021-11-24T16:06:29+00:00\" \/>\n<meta property=\"og:image\" content=\"https:\/\/innotub.eu\/wp-content\/uploads\/2021\/11\/vaccine.jpg\" \/>\n\t<meta property=\"og:image:width\" content=\"898\" \/>\n\t<meta property=\"og:image:height\" content=\"635\" \/>\n\t<meta property=\"og:image:type\" content=\"image\/jpeg\" \/>\n<meta name=\"twitter:card\" content=\"summary_large_image\" \/>\n<meta name=\"twitter:site\" content=\"@innotub\" \/>\n<script type=\"application\/ld+json\" class=\"yoast-schema-graph\">{\"@context\":\"https:\\\/\\\/schema.org\",\"@graph\":[{\"@type\":\"WebPage\",\"@id\":\"https:\\\/\\\/innotub.eu\\\/ca\\\/activitat\\\/participacio-al-15th-vaccine-congress\\\/\",\"url\":\"https:\\\/\\\/innotub.eu\\\/ca\\\/activitat\\\/participacio-al-15th-vaccine-congress\\\/\",\"name\":\"Participaci\u00f3 al 15th Vaccine Congress &#187; Innotub\",\"isPartOf\":{\"@id\":\"https:\\\/\\\/innotub.eu\\\/ca\\\/#website\"},\"primaryImageOfPage\":{\"@id\":\"https:\\\/\\\/innotub.eu\\\/ca\\\/activitat\\\/participacio-al-15th-vaccine-congress\\\/#primaryimage\"},\"image\":{\"@id\":\"https:\\\/\\\/innotub.eu\\\/ca\\\/activitat\\\/participacio-al-15th-vaccine-congress\\\/#primaryimage\"},\"thumbnailUrl\":\"https:\\\/\\\/innotub.eu\\\/wp-content\\\/uploads\\\/2021\\\/11\\\/vaccine.jpg\",\"datePublished\":\"2021-11-24T16:04:58+00:00\",\"dateModified\":\"2021-11-24T16:06:29+00:00\",\"breadcrumb\":{\"@id\":\"https:\\\/\\\/innotub.eu\\\/ca\\\/activitat\\\/participacio-al-15th-vaccine-congress\\\/#breadcrumb\"},\"inLanguage\":\"ca\",\"potentialAction\":[{\"@type\":\"ReadAction\",\"target\":[\"https:\\\/\\\/innotub.eu\\\/ca\\\/activitat\\\/participacio-al-15th-vaccine-congress\\\/\"]}]},{\"@type\":\"ImageObject\",\"inLanguage\":\"ca\",\"@id\":\"https:\\\/\\\/innotub.eu\\\/ca\\\/activitat\\\/participacio-al-15th-vaccine-congress\\\/#primaryimage\",\"url\":\"https:\\\/\\\/innotub.eu\\\/wp-content\\\/uploads\\\/2021\\\/11\\\/vaccine.jpg\",\"contentUrl\":\"https:\\\/\\\/innotub.eu\\\/wp-content\\\/uploads\\\/2021\\\/11\\\/vaccine.jpg\",\"width\":898,\"height\":635},{\"@type\":\"BreadcrumbList\",\"@id\":\"https:\\\/\\\/innotub.eu\\\/ca\\\/activitat\\\/participacio-al-15th-vaccine-congress\\\/#breadcrumb\",\"itemListElement\":[{\"@type\":\"ListItem\",\"position\":1,\"name\":\"Inici\",\"item\":\"https:\\\/\\\/innotub.eu\\\/ca\\\/\"},{\"@type\":\"ListItem\",\"position\":2,\"name\":\"Activitats\",\"item\":\"https:\\\/\\\/innotub.eu\\\/ca\\\/activitat\\\/\"},{\"@type\":\"ListItem\",\"position\":3,\"name\":\"Participaci\u00f3 al 15th Vaccine Congress\"}]},{\"@type\":\"WebSite\",\"@id\":\"https:\\\/\\\/innotub.eu\\\/ca\\\/#website\",\"url\":\"https:\\\/\\\/innotub.eu\\\/ca\\\/\",\"name\":\"Innotub\",\"description\":\"Crear una xarxa cient\u00edfica d&#039;excel\u00b7l\u00e8ncia\",\"publisher\":{\"@id\":\"https:\\\/\\\/innotub.eu\\\/ca\\\/#organization\"},\"potentialAction\":[{\"@type\":\"SearchAction\",\"target\":{\"@type\":\"EntryPoint\",\"urlTemplate\":\"https:\\\/\\\/innotub.eu\\\/ca\\\/?s={search_term_string}\"},\"query-input\":{\"@type\":\"PropertyValueSpecification\",\"valueRequired\":true,\"valueName\":\"search_term_string\"}}],\"inLanguage\":\"ca\"},{\"@type\":\"Organization\",\"@id\":\"https:\\\/\\\/innotub.eu\\\/ca\\\/#organization\",\"name\":\"Innotub\",\"url\":\"https:\\\/\\\/innotub.eu\\\/ca\\\/\",\"logo\":{\"@type\":\"ImageObject\",\"inLanguage\":\"ca\",\"@id\":\"https:\\\/\\\/innotub.eu\\\/ca\\\/#\\\/schema\\\/logo\\\/image\\\/\",\"url\":\"https:\\\/\\\/innotub.eu\\\/wp-content\\\/uploads\\\/2020\\\/08\\\/innotub-logo-COLOR.png\",\"contentUrl\":\"https:\\\/\\\/innotub.eu\\\/wp-content\\\/uploads\\\/2020\\\/08\\\/innotub-logo-COLOR.png\",\"width\":7453,\"height\":1672,\"caption\":\"Innotub\"},\"image\":{\"@id\":\"https:\\\/\\\/innotub.eu\\\/ca\\\/#\\\/schema\\\/logo\\\/image\\\/\"},\"sameAs\":[\"https:\\\/\\\/x.com\\\/innotub\"]}]}<\/script>\n<!-- \/ Yoast SEO plugin. -->","yoast_head_json":{"title":"Participaci\u00f3 al 15th Vaccine Congress &#187; Innotub","robots":{"index":"index","follow":"follow","max-snippet":"max-snippet:-1","max-image-preview":"max-image-preview:large","max-video-preview":"max-video-preview:-1"},"canonical":"https:\/\/innotub.eu\/ca\/activitat\/participacio-al-15th-vaccine-congress\/","og_locale":"ca_ES","og_type":"article","og_title":"Participaci\u00f3 al 15th Vaccine Congress &#187; Innotub","og_description":"El projecte Innotub desenvolupa una acci\u00f3 sobre el control de a tuberculosi...","og_url":"https:\/\/innotub.eu\/ca\/activitat\/participacio-al-15th-vaccine-congress\/","og_site_name":"Innotub","article_modified_time":"2021-11-24T16:06:29+00:00","og_image":[{"width":898,"height":635,"url":"https:\/\/innotub.eu\/wp-content\/uploads\/2021\/11\/vaccine.jpg","type":"image\/jpeg"}],"twitter_card":"summary_large_image","twitter_site":"@innotub","schema":{"@context":"https:\/\/schema.org","@graph":[{"@type":"WebPage","@id":"https:\/\/innotub.eu\/ca\/activitat\/participacio-al-15th-vaccine-congress\/","url":"https:\/\/innotub.eu\/ca\/activitat\/participacio-al-15th-vaccine-congress\/","name":"Participaci\u00f3 al 15th Vaccine Congress &#187; Innotub","isPartOf":{"@id":"https:\/\/innotub.eu\/ca\/#website"},"primaryImageOfPage":{"@id":"https:\/\/innotub.eu\/ca\/activitat\/participacio-al-15th-vaccine-congress\/#primaryimage"},"image":{"@id":"https:\/\/innotub.eu\/ca\/activitat\/participacio-al-15th-vaccine-congress\/#primaryimage"},"thumbnailUrl":"https:\/\/innotub.eu\/wp-content\/uploads\/2021\/11\/vaccine.jpg","datePublished":"2021-11-24T16:04:58+00:00","dateModified":"2021-11-24T16:06:29+00:00","breadcrumb":{"@id":"https:\/\/innotub.eu\/ca\/activitat\/participacio-al-15th-vaccine-congress\/#breadcrumb"},"inLanguage":"ca","potentialAction":[{"@type":"ReadAction","target":["https:\/\/innotub.eu\/ca\/activitat\/participacio-al-15th-vaccine-congress\/"]}]},{"@type":"ImageObject","inLanguage":"ca","@id":"https:\/\/innotub.eu\/ca\/activitat\/participacio-al-15th-vaccine-congress\/#primaryimage","url":"https:\/\/innotub.eu\/wp-content\/uploads\/2021\/11\/vaccine.jpg","contentUrl":"https:\/\/innotub.eu\/wp-content\/uploads\/2021\/11\/vaccine.jpg","width":898,"height":635},{"@type":"BreadcrumbList","@id":"https:\/\/innotub.eu\/ca\/activitat\/participacio-al-15th-vaccine-congress\/#breadcrumb","itemListElement":[{"@type":"ListItem","position":1,"name":"Inici","item":"https:\/\/innotub.eu\/ca\/"},{"@type":"ListItem","position":2,"name":"Activitats","item":"https:\/\/innotub.eu\/ca\/activitat\/"},{"@type":"ListItem","position":3,"name":"Participaci\u00f3 al 15th Vaccine Congress"}]},{"@type":"WebSite","@id":"https:\/\/innotub.eu\/ca\/#website","url":"https:\/\/innotub.eu\/ca\/","name":"Innotub","description":"Crear una xarxa cient\u00edfica d&#039;excel\u00b7l\u00e8ncia","publisher":{"@id":"https:\/\/innotub.eu\/ca\/#organization"},"potentialAction":[{"@type":"SearchAction","target":{"@type":"EntryPoint","urlTemplate":"https:\/\/innotub.eu\/ca\/?s={search_term_string}"},"query-input":{"@type":"PropertyValueSpecification","valueRequired":true,"valueName":"search_term_string"}}],"inLanguage":"ca"},{"@type":"Organization","@id":"https:\/\/innotub.eu\/ca\/#organization","name":"Innotub","url":"https:\/\/innotub.eu\/ca\/","logo":{"@type":"ImageObject","inLanguage":"ca","@id":"https:\/\/innotub.eu\/ca\/#\/schema\/logo\/image\/","url":"https:\/\/innotub.eu\/wp-content\/uploads\/2020\/08\/innotub-logo-COLOR.png","contentUrl":"https:\/\/innotub.eu\/wp-content\/uploads\/2020\/08\/innotub-logo-COLOR.png","width":7453,"height":1672,"caption":"Innotub"},"image":{"@id":"https:\/\/innotub.eu\/ca\/#\/schema\/logo\/image\/"},"sameAs":["https:\/\/x.com\/innotub"]}]}},"_links":{"self":[{"href":"https:\/\/innotub.eu\/ca\/wp-json\/wp\/v2\/activitat\/1514","targetHints":{"allow":["GET"]}}],"collection":[{"href":"https:\/\/innotub.eu\/ca\/wp-json\/wp\/v2\/activitat"}],"about":[{"href":"https:\/\/innotub.eu\/ca\/wp-json\/wp\/v2\/types\/activitat"}],"wp:featuredmedia":[{"embeddable":true,"href":"https:\/\/innotub.eu\/ca\/wp-json\/wp\/v2\/media\/1520"}],"wp:attachment":[{"href":"https:\/\/innotub.eu\/ca\/wp-json\/wp\/v2\/media?parent=1514"}],"wp:term":[{"taxonomy":"area","embeddable":true,"href":"https:\/\/innotub.eu\/ca\/wp-json\/wp\/v2\/area?post=1514"}],"curies":[{"name":"wp","href":"https:\/\/api.w.org\/{rel}","templated":true}]}}

Participació al 15th Vaccine Congress

<p>El projecte Innotub desenvolupa una acció sobre el control de a tuberculosi animal mitjançant el desenvolupament i avaluació de vacunes que es presentaran al  15th Vaccine Congrés.</p>

<!-- This site is optimized with the Yoast SEO plugin v27.5 - https://yoast.com/product/yoast-seo-wordpress/ -->
<title>Participació al 15th Vaccine Congress &#187; Innotub</title>
<meta name="robots" content="index, follow, max-snippet:-1, max-image-preview:large, max-video-preview:-1" />
<link rel="canonical" href="https://innotub.eu/ca/activitat/participacio-al-15th-vaccine-congress/" />
<meta property="og:locale" content="ca_ES" />
<meta property="og:type" content="article" />
<meta property="og:title" content="Participació al 15th Vaccine Congress &#187; Innotub" />
<meta property="og:description" content="El projecte Innotub desenvolupa una acció sobre el control de a tuberculosi..." />
<meta property="og:url" content="https://innotub.eu/ca/activitat/participacio-al-15th-vaccine-congress/" />
<meta property="og:site_name" content="Innotub" />
<meta property="article:modified_time" content="2021-11-24T16:06:29+00:00" />
<meta property="og:image" content="https://innotub.eu/wp-content/uploads/2021/11/vaccine.jpg" />
	<meta property="og:image:width" content="898" />
	<meta property="og:image:height" content="635" />
	<meta property="og:image:type" content="image/jpeg" />
<meta name="twitter:card" content="summary_large_image" />
<meta name="twitter:site" content="@innotub" />
<script type="application/ld+json" class="yoast-schema-graph">{"@context":"https:\/\/schema.org","@graph":[{"@type":"WebPage","@id":"https:\/\/innotub.eu\/ca\/activitat\/participacio-al-15th-vaccine-congress\/","url":"https:\/\/innotub.eu\/ca\/activitat\/participacio-al-15th-vaccine-congress\/","name":"Participació al 15th Vaccine Congress &#187; Innotub","isPartOf":{"@id":"https:\/\/innotub.eu\/ca\/#website"},"primaryImageOfPage":{"@id":"https:\/\/innotub.eu\/ca\/activitat\/participacio-al-15th-vaccine-congress\/#primaryimage"},"image":{"@id":"https:\/\/innotub.eu\/ca\/activitat\/participacio-al-15th-vaccine-congress\/#primaryimage"},"thumbnailUrl":"https:\/\/innotub.eu\/wp-content\/uploads\/2021\/11\/vaccine.jpg","datePublished":"2021-11-24T16:04:58+00:00","dateModified":"2021-11-24T16:06:29+00:00","breadcrumb":{"@id":"https:\/\/innotub.eu\/ca\/activitat\/participacio-al-15th-vaccine-congress\/#breadcrumb"},"inLanguage":"ca","potentialAction":[{"@type":"ReadAction","target":["https:\/\/innotub.eu\/ca\/activitat\/participacio-al-15th-vaccine-congress\/"]}]},{"@type":"ImageObject","inLanguage":"ca","@id":"https:\/\/innotub.eu\/ca\/activitat\/participacio-al-15th-vaccine-congress\/#primaryimage","url":"https:\/\/innotub.eu\/wp-content\/uploads\/2021\/11\/vaccine.jpg","contentUrl":"https:\/\/innotub.eu\/wp-content\/uploads\/2021\/11\/vaccine.jpg","width":898,"height":635},{"@type":"BreadcrumbList","@id":"https:\/\/innotub.eu\/ca\/activitat\/participacio-al-15th-vaccine-congress\/#breadcrumb","itemListElement":[{"@type":"ListItem","position":1,"name":"Inici","item":"https:\/\/innotub.eu\/ca\/"},{"@type":"ListItem","position":2,"name":"Activitats","item":"https:\/\/innotub.eu\/ca\/activitat\/"},{"@type":"ListItem","position":3,"name":"Participació al 15th Vaccine Congress"}]},{"@type":"WebSite","@id":"https:\/\/innotub.eu\/ca\/#website","url":"https:\/\/innotub.eu\/ca\/","name":"Innotub","description":"Crear una xarxa científica d&#039;excel·lència","publisher":{"@id":"https:\/\/innotub.eu\/ca\/#organization"},"potentialAction":[{"@type":"SearchAction","target":{"@type":"EntryPoint","urlTemplate":"https:\/\/innotub.eu\/ca\/?s={search_term_string}"},"query-input":{"@type":"PropertyValueSpecification","valueRequired":true,"valueName":"search_term_string"}}],"inLanguage":"ca"},{"@type":"Organization","@id":"https:\/\/innotub.eu\/ca\/#organization","name":"Innotub","url":"https:\/\/innotub.eu\/ca\/","logo":{"@type":"ImageObject","inLanguage":"ca","@id":"https:\/\/innotub.eu\/ca\/#\/schema\/logo\/image\/","url":"https:\/\/innotub.eu\/wp-content\/uploads\/2020\/08\/innotub-logo-COLOR.png","contentUrl":"https:\/\/innotub.eu\/wp-content\/uploads\/2020\/08\/innotub-logo-COLOR.png","width":7453,"height":1672,"caption":"Innotub"},"image":{"@id":"https:\/\/innotub.eu\/ca\/#\/schema\/logo\/image\/"},"sameAs":["https:\/\/x.com\/innotub"]}]}</script>
<!-- / Yoast SEO plugin. -->

Participació al 15th Vaccine Congress &#187; Innotub

El projecte Innotub desenvolupa una acció sobre el control de a tuberculosi...

Crear una xarxa científica d&#039;excel·lència
