{"id":1704,"date":"2022-02-17T13:29:55","date_gmt":"2022-02-17T13:29:55","guid":{"rendered":"https:\/\/innotub.eu\/?post_type=activitat&#038;p=1704"},"modified":"2022-03-01T19:15:36","modified_gmt":"2022-03-01T19:15:36","slug":"jornada-tecnica-transmissio-de-la-tuberculosi-entre-la-fauna-silvestre-i-els-animals-domestics","status":"publish","type":"activitat","link":"https:\/\/innotub.eu\/ca\/activitat\/jornada-tecnica-transmissio-de-la-tuberculosi-entre-la-fauna-silvestre-i-els-animals-domestics\/","title":{"rendered":"Jornada t\u00e8cnica: transmissi\u00f3 de la tuberculosi entre la fauna silvestre i els animals dom\u00e8stics"},"content":{"rendered":"\n<p>El proper <strong>divendres 6 de maig<\/strong>, Innotub i IRTA-CReSA organitzen una jornada t\u00e8cnica en l\u00ednia per tractar aspectes relacionats amb la tuberculosi en la fauna silvestre i el bestiar, amb especial inter\u00e8s en la seva interacci\u00f3 i les mesures de control i prevenci\u00f3. La Jornada \u00e9s gratu\u00efta i oberta a tothom. Pots inscriure't a la jornada <a href=\"https:\/\/transferencia.irta.cat\/activitats\/transmissio-de-la-tuberculosi-entre-la-fauna\/\">aqu\u00ed<\/a>.<\/p>\n\n\n\n<p>Pots consultar el programa de la Jornada <a href=\"https:\/\/ruralcat.gencat.cat\/c\/document_library\/get_file?uuid=ab2bf2f7-7af5-456f-92d4-d9a5d16385e1&amp;groupId=20181\">aqu\u00ed<\/a>.<\/p>\n","protected":false},"featured_media":1705,"template":"","area":[6],"class_list":["post-1704","activitat","type-activitat","status-publish","has-post-thumbnail","hentry","area-activitat"],"yoast_head":"<!-- This site is optimized with the Yoast SEO plugin v27.5 - https:\/\/yoast.com\/product\/yoast-seo-wordpress\/ -->\n<title>Jornada t\u00e8cnica: transmissi\u00f3 de la tuberculosi entre la fauna silvestre i els animals dom\u00e8stics &#187; Innotub<\/title>\n<meta name=\"robots\" content=\"index, follow, max-snippet:-1, max-image-preview:large, max-video-preview:-1\" \/>\n<link rel=\"canonical\" href=\"https:\/\/innotub.eu\/ca\/activitat\/jornada-tecnica-transmissio-de-la-tuberculosi-entre-la-fauna-silvestre-i-els-animals-domestics\/\" \/>\n<meta property=\"og:locale\" content=\"ca_ES\" \/>\n<meta property=\"og:type\" content=\"article\" \/>\n<meta property=\"og:title\" content=\"Jornada t\u00e8cnica: transmissi\u00f3 de la tuberculosi entre la fauna silvestre i els animals dom\u00e8stics &#187; Innotub\" \/>\n<meta property=\"og:description\" content=\"El proper divendres 6 de maig, Innotub i IRTA-CReSA organitzen una jornada...\" \/>\n<meta property=\"og:url\" content=\"https:\/\/innotub.eu\/ca\/activitat\/jornada-tecnica-transmissio-de-la-tuberculosi-entre-la-fauna-silvestre-i-els-animals-domestics\/\" \/>\n<meta property=\"og:site_name\" content=\"Innotub\" \/>\n<meta property=\"article:modified_time\" content=\"2022-03-01T19:15:36+00:00\" \/>\n<meta property=\"og:image\" content=\"https:\/\/innotub.eu\/wp-content\/uploads\/2022\/02\/vaques_1-scaled.jpg\" \/>\n\t<meta property=\"og:image:width\" content=\"2560\" \/>\n\t<meta property=\"og:image:height\" content=\"1774\" \/>\n\t<meta property=\"og:image:type\" content=\"image\/jpeg\" \/>\n<meta name=\"twitter:card\" content=\"summary_large_image\" \/>\n<meta name=\"twitter:site\" content=\"@innotub\" \/>\n<script type=\"application\/ld+json\" class=\"yoast-schema-graph\">{\"@context\":\"https:\\\/\\\/schema.org\",\"@graph\":[{\"@type\":\"WebPage\",\"@id\":\"https:\\\/\\\/innotub.eu\\\/ca\\\/activitat\\\/jornada-tecnica-transmissio-de-la-tuberculosi-entre-la-fauna-silvestre-i-els-animals-domestics\\\/\",\"url\":\"https:\\\/\\\/innotub.eu\\\/ca\\\/activitat\\\/jornada-tecnica-transmissio-de-la-tuberculosi-entre-la-fauna-silvestre-i-els-animals-domestics\\\/\",\"name\":\"Jornada t\u00e8cnica: transmissi\u00f3 de la tuberculosi entre la fauna silvestre i els animals dom\u00e8stics &#187; Innotub\",\"isPartOf\":{\"@id\":\"https:\\\/\\\/innotub.eu\\\/ca\\\/#website\"},\"primaryImageOfPage\":{\"@id\":\"https:\\\/\\\/innotub.eu\\\/ca\\\/activitat\\\/jornada-tecnica-transmissio-de-la-tuberculosi-entre-la-fauna-silvestre-i-els-animals-domestics\\\/#primaryimage\"},\"image\":{\"@id\":\"https:\\\/\\\/innotub.eu\\\/ca\\\/activitat\\\/jornada-tecnica-transmissio-de-la-tuberculosi-entre-la-fauna-silvestre-i-els-animals-domestics\\\/#primaryimage\"},\"thumbnailUrl\":\"https:\\\/\\\/innotub.eu\\\/wp-content\\\/uploads\\\/2022\\\/02\\\/vaques_1-scaled.jpg\",\"datePublished\":\"2022-02-17T13:29:55+00:00\",\"dateModified\":\"2022-03-01T19:15:36+00:00\",\"breadcrumb\":{\"@id\":\"https:\\\/\\\/innotub.eu\\\/ca\\\/activitat\\\/jornada-tecnica-transmissio-de-la-tuberculosi-entre-la-fauna-silvestre-i-els-animals-domestics\\\/#breadcrumb\"},\"inLanguage\":\"ca\",\"potentialAction\":[{\"@type\":\"ReadAction\",\"target\":[\"https:\\\/\\\/innotub.eu\\\/ca\\\/activitat\\\/jornada-tecnica-transmissio-de-la-tuberculosi-entre-la-fauna-silvestre-i-els-animals-domestics\\\/\"]}]},{\"@type\":\"ImageObject\",\"inLanguage\":\"ca\",\"@id\":\"https:\\\/\\\/innotub.eu\\\/ca\\\/activitat\\\/jornada-tecnica-transmissio-de-la-tuberculosi-entre-la-fauna-silvestre-i-els-animals-domestics\\\/#primaryimage\",\"url\":\"https:\\\/\\\/innotub.eu\\\/wp-content\\\/uploads\\\/2022\\\/02\\\/vaques_1-scaled.jpg\",\"contentUrl\":\"https:\\\/\\\/innotub.eu\\\/wp-content\\\/uploads\\\/2022\\\/02\\\/vaques_1-scaled.jpg\",\"width\":2560,\"height\":1774},{\"@type\":\"BreadcrumbList\",\"@id\":\"https:\\\/\\\/innotub.eu\\\/ca\\\/activitat\\\/jornada-tecnica-transmissio-de-la-tuberculosi-entre-la-fauna-silvestre-i-els-animals-domestics\\\/#breadcrumb\",\"itemListElement\":[{\"@type\":\"ListItem\",\"position\":1,\"name\":\"Inici\",\"item\":\"https:\\\/\\\/innotub.eu\\\/ca\\\/\"},{\"@type\":\"ListItem\",\"position\":2,\"name\":\"Activitats\",\"item\":\"https:\\\/\\\/innotub.eu\\\/ca\\\/activitat\\\/\"},{\"@type\":\"ListItem\",\"position\":3,\"name\":\"Jornada t\u00e8cnica: transmissi\u00f3 de la tuberculosi entre la fauna silvestre i els animals dom\u00e8stics\"}]},{\"@type\":\"WebSite\",\"@id\":\"https:\\\/\\\/innotub.eu\\\/ca\\\/#website\",\"url\":\"https:\\\/\\\/innotub.eu\\\/ca\\\/\",\"name\":\"Innotub\",\"description\":\"Crear una xarxa cient\u00edfica d&#039;excel\u00b7l\u00e8ncia\",\"publisher\":{\"@id\":\"https:\\\/\\\/innotub.eu\\\/ca\\\/#organization\"},\"potentialAction\":[{\"@type\":\"SearchAction\",\"target\":{\"@type\":\"EntryPoint\",\"urlTemplate\":\"https:\\\/\\\/innotub.eu\\\/ca\\\/?s={search_term_string}\"},\"query-input\":{\"@type\":\"PropertyValueSpecification\",\"valueRequired\":true,\"valueName\":\"search_term_string\"}}],\"inLanguage\":\"ca\"},{\"@type\":\"Organization\",\"@id\":\"https:\\\/\\\/innotub.eu\\\/ca\\\/#organization\",\"name\":\"Innotub\",\"url\":\"https:\\\/\\\/innotub.eu\\\/ca\\\/\",\"logo\":{\"@type\":\"ImageObject\",\"inLanguage\":\"ca\",\"@id\":\"https:\\\/\\\/innotub.eu\\\/ca\\\/#\\\/schema\\\/logo\\\/image\\\/\",\"url\":\"https:\\\/\\\/innotub.eu\\\/wp-content\\\/uploads\\\/2020\\\/08\\\/innotub-logo-COLOR.png\",\"contentUrl\":\"https:\\\/\\\/innotub.eu\\\/wp-content\\\/uploads\\\/2020\\\/08\\\/innotub-logo-COLOR.png\",\"width\":7453,\"height\":1672,\"caption\":\"Innotub\"},\"image\":{\"@id\":\"https:\\\/\\\/innotub.eu\\\/ca\\\/#\\\/schema\\\/logo\\\/image\\\/\"},\"sameAs\":[\"https:\\\/\\\/x.com\\\/innotub\"]}]}<\/script>\n<!-- \/ Yoast SEO plugin. -->","yoast_head_json":{"title":"Jornada t\u00e8cnica: transmissi\u00f3 de la tuberculosi entre la fauna silvestre i els animals dom\u00e8stics &#187; Innotub","robots":{"index":"index","follow":"follow","max-snippet":"max-snippet:-1","max-image-preview":"max-image-preview:large","max-video-preview":"max-video-preview:-1"},"canonical":"https:\/\/innotub.eu\/ca\/activitat\/jornada-tecnica-transmissio-de-la-tuberculosi-entre-la-fauna-silvestre-i-els-animals-domestics\/","og_locale":"ca_ES","og_type":"article","og_title":"Jornada t\u00e8cnica: transmissi\u00f3 de la tuberculosi entre la fauna silvestre i els animals dom\u00e8stics &#187; Innotub","og_description":"El proper divendres 6 de maig, Innotub i IRTA-CReSA organitzen una jornada...","og_url":"https:\/\/innotub.eu\/ca\/activitat\/jornada-tecnica-transmissio-de-la-tuberculosi-entre-la-fauna-silvestre-i-els-animals-domestics\/","og_site_name":"Innotub","article_modified_time":"2022-03-01T19:15:36+00:00","og_image":[{"width":2560,"height":1774,"url":"https:\/\/innotub.eu\/wp-content\/uploads\/2022\/02\/vaques_1-scaled.jpg","type":"image\/jpeg"}],"twitter_card":"summary_large_image","twitter_site":"@innotub","schema":{"@context":"https:\/\/schema.org","@graph":[{"@type":"WebPage","@id":"https:\/\/innotub.eu\/ca\/activitat\/jornada-tecnica-transmissio-de-la-tuberculosi-entre-la-fauna-silvestre-i-els-animals-domestics\/","url":"https:\/\/innotub.eu\/ca\/activitat\/jornada-tecnica-transmissio-de-la-tuberculosi-entre-la-fauna-silvestre-i-els-animals-domestics\/","name":"Jornada t\u00e8cnica: transmissi\u00f3 de la tuberculosi entre la fauna silvestre i els animals dom\u00e8stics &#187; Innotub","isPartOf":{"@id":"https:\/\/innotub.eu\/ca\/#website"},"primaryImageOfPage":{"@id":"https:\/\/innotub.eu\/ca\/activitat\/jornada-tecnica-transmissio-de-la-tuberculosi-entre-la-fauna-silvestre-i-els-animals-domestics\/#primaryimage"},"image":{"@id":"https:\/\/innotub.eu\/ca\/activitat\/jornada-tecnica-transmissio-de-la-tuberculosi-entre-la-fauna-silvestre-i-els-animals-domestics\/#primaryimage"},"thumbnailUrl":"https:\/\/innotub.eu\/wp-content\/uploads\/2022\/02\/vaques_1-scaled.jpg","datePublished":"2022-02-17T13:29:55+00:00","dateModified":"2022-03-01T19:15:36+00:00","breadcrumb":{"@id":"https:\/\/innotub.eu\/ca\/activitat\/jornada-tecnica-transmissio-de-la-tuberculosi-entre-la-fauna-silvestre-i-els-animals-domestics\/#breadcrumb"},"inLanguage":"ca","potentialAction":[{"@type":"ReadAction","target":["https:\/\/innotub.eu\/ca\/activitat\/jornada-tecnica-transmissio-de-la-tuberculosi-entre-la-fauna-silvestre-i-els-animals-domestics\/"]}]},{"@type":"ImageObject","inLanguage":"ca","@id":"https:\/\/innotub.eu\/ca\/activitat\/jornada-tecnica-transmissio-de-la-tuberculosi-entre-la-fauna-silvestre-i-els-animals-domestics\/#primaryimage","url":"https:\/\/innotub.eu\/wp-content\/uploads\/2022\/02\/vaques_1-scaled.jpg","contentUrl":"https:\/\/innotub.eu\/wp-content\/uploads\/2022\/02\/vaques_1-scaled.jpg","width":2560,"height":1774},{"@type":"BreadcrumbList","@id":"https:\/\/innotub.eu\/ca\/activitat\/jornada-tecnica-transmissio-de-la-tuberculosi-entre-la-fauna-silvestre-i-els-animals-domestics\/#breadcrumb","itemListElement":[{"@type":"ListItem","position":1,"name":"Inici","item":"https:\/\/innotub.eu\/ca\/"},{"@type":"ListItem","position":2,"name":"Activitats","item":"https:\/\/innotub.eu\/ca\/activitat\/"},{"@type":"ListItem","position":3,"name":"Jornada t\u00e8cnica: transmissi\u00f3 de la tuberculosi entre la fauna silvestre i els animals dom\u00e8stics"}]},{"@type":"WebSite","@id":"https:\/\/innotub.eu\/ca\/#website","url":"https:\/\/innotub.eu\/ca\/","name":"Innotub","description":"Crear una xarxa cient\u00edfica d&#039;excel\u00b7l\u00e8ncia","publisher":{"@id":"https:\/\/innotub.eu\/ca\/#organization"},"potentialAction":[{"@type":"SearchAction","target":{"@type":"EntryPoint","urlTemplate":"https:\/\/innotub.eu\/ca\/?s={search_term_string}"},"query-input":{"@type":"PropertyValueSpecification","valueRequired":true,"valueName":"search_term_string"}}],"inLanguage":"ca"},{"@type":"Organization","@id":"https:\/\/innotub.eu\/ca\/#organization","name":"Innotub","url":"https:\/\/innotub.eu\/ca\/","logo":{"@type":"ImageObject","inLanguage":"ca","@id":"https:\/\/innotub.eu\/ca\/#\/schema\/logo\/image\/","url":"https:\/\/innotub.eu\/wp-content\/uploads\/2020\/08\/innotub-logo-COLOR.png","contentUrl":"https:\/\/innotub.eu\/wp-content\/uploads\/2020\/08\/innotub-logo-COLOR.png","width":7453,"height":1672,"caption":"Innotub"},"image":{"@id":"https:\/\/innotub.eu\/ca\/#\/schema\/logo\/image\/"},"sameAs":["https:\/\/x.com\/innotub"]}]}},"_links":{"self":[{"href":"https:\/\/innotub.eu\/ca\/wp-json\/wp\/v2\/activitat\/1704","targetHints":{"allow":["GET"]}}],"collection":[{"href":"https:\/\/innotub.eu\/ca\/wp-json\/wp\/v2\/activitat"}],"about":[{"href":"https:\/\/innotub.eu\/ca\/wp-json\/wp\/v2\/types\/activitat"}],"wp:featuredmedia":[{"embeddable":true,"href":"https:\/\/innotub.eu\/ca\/wp-json\/wp\/v2\/media\/1705"}],"wp:attachment":[{"href":"https:\/\/innotub.eu\/ca\/wp-json\/wp\/v2\/media?parent=1704"}],"wp:term":[{"taxonomy":"area","embeddable":true,"href":"https:\/\/innotub.eu\/ca\/wp-json\/wp\/v2\/area?post=1704"}],"curies":[{"name":"wp","href":"https:\/\/api.w.org\/{rel}","templated":true}]}}

Jornada tècnica: transmissió de la tuberculosi entre la fauna silvestre i els animals domèstics

<p>El proper <strong>divendres 6 de maig</strong>, Innotub i IRTA-CReSA organitzen una jornada tècnica en línia per tractar aspectes relacionats amb la tuberculosi en la fauna silvestre i el bestiar, amb especial interès en la seva interacció i les mesures de control i prevenció. La Jornada és gratuïta i oberta a tothom. Pots inscriure't a la jornada <a href="https://transferencia.irta.cat/activitats/transmissio-de-la-tuberculosi-entre-la-fauna/">aquí</a>.</p>



<p>Pots consultar el programa de la Jornada <a href="https://ruralcat.gencat.cat/c/document_library/get_file?uuid=ab2bf2f7-7af5-456f-92d4-d9a5d16385e1&amp;groupId=20181">aquí</a>.</p>

<!-- This site is optimized with the Yoast SEO plugin v27.5 - https://yoast.com/product/yoast-seo-wordpress/ -->
<title>Jornada tècnica: transmissió de la tuberculosi entre la fauna silvestre i els animals domèstics &#187; Innotub</title>
<meta name="robots" content="index, follow, max-snippet:-1, max-image-preview:large, max-video-preview:-1" />
<link rel="canonical" href="https://innotub.eu/ca/activitat/jornada-tecnica-transmissio-de-la-tuberculosi-entre-la-fauna-silvestre-i-els-animals-domestics/" />
<meta property="og:locale" content="ca_ES" />
<meta property="og:type" content="article" />
<meta property="og:title" content="Jornada tècnica: transmissió de la tuberculosi entre la fauna silvestre i els animals domèstics &#187; Innotub" />
<meta property="og:description" content="El proper divendres 6 de maig, Innotub i IRTA-CReSA organitzen una jornada..." />
<meta property="og:url" content="https://innotub.eu/ca/activitat/jornada-tecnica-transmissio-de-la-tuberculosi-entre-la-fauna-silvestre-i-els-animals-domestics/" />
<meta property="og:site_name" content="Innotub" />
<meta property="article:modified_time" content="2022-03-01T19:15:36+00:00" />
<meta property="og:image" content="https://innotub.eu/wp-content/uploads/2022/02/vaques_1-scaled.jpg" />
	<meta property="og:image:width" content="2560" />
	<meta property="og:image:height" content="1774" />
	<meta property="og:image:type" content="image/jpeg" />
<meta name="twitter:card" content="summary_large_image" />
<meta name="twitter:site" content="@innotub" />
<script type="application/ld+json" class="yoast-schema-graph">{"@context":"https:\/\/schema.org","@graph":[{"@type":"WebPage","@id":"https:\/\/innotub.eu\/ca\/activitat\/jornada-tecnica-transmissio-de-la-tuberculosi-entre-la-fauna-silvestre-i-els-animals-domestics\/","url":"https:\/\/innotub.eu\/ca\/activitat\/jornada-tecnica-transmissio-de-la-tuberculosi-entre-la-fauna-silvestre-i-els-animals-domestics\/","name":"Jornada tècnica: transmissió de la tuberculosi entre la fauna silvestre i els animals domèstics &#187; Innotub","isPartOf":{"@id":"https:\/\/innotub.eu\/ca\/#website"},"primaryImageOfPage":{"@id":"https:\/\/innotub.eu\/ca\/activitat\/jornada-tecnica-transmissio-de-la-tuberculosi-entre-la-fauna-silvestre-i-els-animals-domestics\/#primaryimage"},"image":{"@id":"https:\/\/innotub.eu\/ca\/activitat\/jornada-tecnica-transmissio-de-la-tuberculosi-entre-la-fauna-silvestre-i-els-animals-domestics\/#primaryimage"},"thumbnailUrl":"https:\/\/innotub.eu\/wp-content\/uploads\/2022\/02\/vaques_1-scaled.jpg","datePublished":"2022-02-17T13:29:55+00:00","dateModified":"2022-03-01T19:15:36+00:00","breadcrumb":{"@id":"https:\/\/innotub.eu\/ca\/activitat\/jornada-tecnica-transmissio-de-la-tuberculosi-entre-la-fauna-silvestre-i-els-animals-domestics\/#breadcrumb"},"inLanguage":"ca","potentialAction":[{"@type":"ReadAction","target":["https:\/\/innotub.eu\/ca\/activitat\/jornada-tecnica-transmissio-de-la-tuberculosi-entre-la-fauna-silvestre-i-els-animals-domestics\/"]}]},{"@type":"ImageObject","inLanguage":"ca","@id":"https:\/\/innotub.eu\/ca\/activitat\/jornada-tecnica-transmissio-de-la-tuberculosi-entre-la-fauna-silvestre-i-els-animals-domestics\/#primaryimage","url":"https:\/\/innotub.eu\/wp-content\/uploads\/2022\/02\/vaques_1-scaled.jpg","contentUrl":"https:\/\/innotub.eu\/wp-content\/uploads\/2022\/02\/vaques_1-scaled.jpg","width":2560,"height":1774},{"@type":"BreadcrumbList","@id":"https:\/\/innotub.eu\/ca\/activitat\/jornada-tecnica-transmissio-de-la-tuberculosi-entre-la-fauna-silvestre-i-els-animals-domestics\/#breadcrumb","itemListElement":[{"@type":"ListItem","position":1,"name":"Inici","item":"https:\/\/innotub.eu\/ca\/"},{"@type":"ListItem","position":2,"name":"Activitats","item":"https:\/\/innotub.eu\/ca\/activitat\/"},{"@type":"ListItem","position":3,"name":"Jornada tècnica: transmissió de la tuberculosi entre la fauna silvestre i els animals domèstics"}]},{"@type":"WebSite","@id":"https:\/\/innotub.eu\/ca\/#website","url":"https:\/\/innotub.eu\/ca\/","name":"Innotub","description":"Crear una xarxa científica d&#039;excel·lència","publisher":{"@id":"https:\/\/innotub.eu\/ca\/#organization"},"potentialAction":[{"@type":"SearchAction","target":{"@type":"EntryPoint","urlTemplate":"https:\/\/innotub.eu\/ca\/?s={search_term_string}"},"query-input":{"@type":"PropertyValueSpecification","valueRequired":true,"valueName":"search_term_string"}}],"inLanguage":"ca"},{"@type":"Organization","@id":"https:\/\/innotub.eu\/ca\/#organization","name":"Innotub","url":"https:\/\/innotub.eu\/ca\/","logo":{"@type":"ImageObject","inLanguage":"ca","@id":"https:\/\/innotub.eu\/ca\/#\/schema\/logo\/image\/","url":"https:\/\/innotub.eu\/wp-content\/uploads\/2020\/08\/innotub-logo-COLOR.png","contentUrl":"https:\/\/innotub.eu\/wp-content\/uploads\/2020\/08\/innotub-logo-COLOR.png","width":7453,"height":1672,"caption":"Innotub"},"image":{"@id":"https:\/\/innotub.eu\/ca\/#\/schema\/logo\/image\/"},"sameAs":["https:\/\/x.com\/innotub"]}]}</script>
<!-- / Yoast SEO plugin. -->

Jornada tècnica: transmissió de la tuberculosi entre la fauna silvestre i els animals domèstics &#187; Innotub

Crear una xarxa científica d&#039;excel·lència
