{"id":1695,"date":"2022-01-28T14:08:42","date_gmt":"2022-01-28T14:08:42","guid":{"rendered":"https:\/\/innotub.eu\/activitat\/seminaire-sur-le-role-de-la-faune-sauvage-dans-lepidemiologie-de-la-tuberculose-en-catalogne\/"},"modified":"2022-01-28T14:09:06","modified_gmt":"2022-01-28T14:09:06","slug":"seminaire-sur-le-role-de-la-faune-sauvage-dans-lepidemiologie-de-la-tuberculose-en-catalogne","status":"publish","type":"activitat","link":"https:\/\/innotub.eu\/fr\/activitat\/seminaire-sur-le-role-de-la-faune-sauvage-dans-lepidemiologie-de-la-tuberculose-en-catalogne\/","title":{"rendered":"S\u00e9minaire sur le r\u00f4le de la faune sauvage dans l'\u00e9pid\u00e9miologie de la tuberculose en Catalogne"},"content":{"rendered":"\n<p>Bernat P\u00e9rez de Val (IRTA-CReSA) donne un s\u00e9minaire destin\u00e9 aux r\u00e9sidents, d\u00e9tenus et \u00e9tudiants v\u00e9t\u00e9rinaires sur la recherche sur le r\u00f4le de la faune dans l'\u00e9pid\u00e9miologie de la tuberculose en Catalogne, y compris les recherches men\u00e9es dans le cadre du projet Innotub.<\/p>\n","protected":false},"featured_media":1683,"template":"","area":[164],"class_list":["post-1695","activitat","type-activitat","status-publish","has-post-thumbnail","hentry","area-seminaire"],"yoast_head":"<!-- This site is optimized with the Yoast SEO plugin v27.5 - https:\/\/yoast.com\/product\/yoast-seo-wordpress\/ -->\n<title>S\u00e9minaire sur le r\u00f4le de la faune sauvage dans l&#039;\u00e9pid\u00e9miologie de la tuberculose en Catalogne &#187; Innotub<\/title>\n<meta name=\"robots\" content=\"index, follow, max-snippet:-1, max-image-preview:large, max-video-preview:-1\" \/>\n<link rel=\"canonical\" href=\"https:\/\/innotub.eu\/fr\/activitat\/seminaire-sur-le-role-de-la-faune-sauvage-dans-lepidemiologie-de-la-tuberculose-en-catalogne\/\" \/>\n<meta property=\"og:locale\" content=\"fr_FR\" \/>\n<meta property=\"og:type\" content=\"article\" \/>\n<meta property=\"og:title\" content=\"S\u00e9minaire sur le r\u00f4le de la faune sauvage dans l&#039;\u00e9pid\u00e9miologie de la tuberculose en Catalogne &#187; Innotub\" \/>\n<meta property=\"og:description\" content=\"Bernat P\u00e9rez de Val (IRTA-CReSA) donne un s\u00e9minaire destin\u00e9 aux r\u00e9sidents, d\u00e9tenus...\" \/>\n<meta property=\"og:url\" content=\"https:\/\/innotub.eu\/fr\/activitat\/seminaire-sur-le-role-de-la-faune-sauvage-dans-lepidemiologie-de-la-tuberculose-en-catalogne\/\" \/>\n<meta property=\"og:site_name\" content=\"Innotub\" \/>\n<meta property=\"article:modified_time\" content=\"2022-01-28T14:09:06+00:00\" \/>\n<meta property=\"og:image\" content=\"https:\/\/innotub.eu\/wp-content\/uploads\/2022\/01\/jabali.jpg\" \/>\n\t<meta property=\"og:image:width\" content=\"1545\" \/>\n\t<meta property=\"og:image:height\" content=\"1200\" \/>\n\t<meta property=\"og:image:type\" content=\"image\/jpeg\" \/>\n<meta name=\"twitter:card\" content=\"summary_large_image\" \/>\n<meta name=\"twitter:site\" content=\"@innotub\" \/>\n<script type=\"application\/ld+json\" class=\"yoast-schema-graph\">{\"@context\":\"https:\\\/\\\/schema.org\",\"@graph\":[{\"@type\":\"WebPage\",\"@id\":\"https:\\\/\\\/innotub.eu\\\/fr\\\/activitat\\\/seminaire-sur-le-role-de-la-faune-sauvage-dans-lepidemiologie-de-la-tuberculose-en-catalogne\\\/\",\"url\":\"https:\\\/\\\/innotub.eu\\\/fr\\\/activitat\\\/seminaire-sur-le-role-de-la-faune-sauvage-dans-lepidemiologie-de-la-tuberculose-en-catalogne\\\/\",\"name\":\"S\u00e9minaire sur le r\u00f4le de la faune sauvage dans l'\u00e9pid\u00e9miologie de la tuberculose en Catalogne &#187; Innotub\",\"isPartOf\":{\"@id\":\"https:\\\/\\\/innotub.eu\\\/fr\\\/#website\"},\"primaryImageOfPage\":{\"@id\":\"https:\\\/\\\/innotub.eu\\\/fr\\\/activitat\\\/seminaire-sur-le-role-de-la-faune-sauvage-dans-lepidemiologie-de-la-tuberculose-en-catalogne\\\/#primaryimage\"},\"image\":{\"@id\":\"https:\\\/\\\/innotub.eu\\\/fr\\\/activitat\\\/seminaire-sur-le-role-de-la-faune-sauvage-dans-lepidemiologie-de-la-tuberculose-en-catalogne\\\/#primaryimage\"},\"thumbnailUrl\":\"https:\\\/\\\/innotub.eu\\\/wp-content\\\/uploads\\\/2022\\\/01\\\/jabali.jpg\",\"datePublished\":\"2022-01-28T14:08:42+00:00\",\"dateModified\":\"2022-01-28T14:09:06+00:00\",\"breadcrumb\":{\"@id\":\"https:\\\/\\\/innotub.eu\\\/fr\\\/activitat\\\/seminaire-sur-le-role-de-la-faune-sauvage-dans-lepidemiologie-de-la-tuberculose-en-catalogne\\\/#breadcrumb\"},\"inLanguage\":\"fr-FR\",\"potentialAction\":[{\"@type\":\"ReadAction\",\"target\":[\"https:\\\/\\\/innotub.eu\\\/fr\\\/activitat\\\/seminaire-sur-le-role-de-la-faune-sauvage-dans-lepidemiologie-de-la-tuberculose-en-catalogne\\\/\"]}]},{\"@type\":\"ImageObject\",\"inLanguage\":\"fr-FR\",\"@id\":\"https:\\\/\\\/innotub.eu\\\/fr\\\/activitat\\\/seminaire-sur-le-role-de-la-faune-sauvage-dans-lepidemiologie-de-la-tuberculose-en-catalogne\\\/#primaryimage\",\"url\":\"https:\\\/\\\/innotub.eu\\\/wp-content\\\/uploads\\\/2022\\\/01\\\/jabali.jpg\",\"contentUrl\":\"https:\\\/\\\/innotub.eu\\\/wp-content\\\/uploads\\\/2022\\\/01\\\/jabali.jpg\",\"width\":1545,\"height\":1200},{\"@type\":\"BreadcrumbList\",\"@id\":\"https:\\\/\\\/innotub.eu\\\/fr\\\/activitat\\\/seminaire-sur-le-role-de-la-faune-sauvage-dans-lepidemiologie-de-la-tuberculose-en-catalogne\\\/#breadcrumb\",\"itemListElement\":[{\"@type\":\"ListItem\",\"position\":1,\"name\":\"Inici\",\"item\":\"https:\\\/\\\/innotub.eu\\\/fr\\\/\"},{\"@type\":\"ListItem\",\"position\":2,\"name\":\"Activitats\",\"item\":\"https:\\\/\\\/innotub.eu\\\/fr\\\/activitat\\\/\"},{\"@type\":\"ListItem\",\"position\":3,\"name\":\"S\u00e9minaire sur le r\u00f4le de la faune sauvage dans l'\u00e9pid\u00e9miologie de la tuberculose en Catalogne\"}]},{\"@type\":\"WebSite\",\"@id\":\"https:\\\/\\\/innotub.eu\\\/fr\\\/#website\",\"url\":\"https:\\\/\\\/innotub.eu\\\/fr\\\/\",\"name\":\"Innotub\",\"description\":\"Crear una xarxa cient\u00edfica d&#039;excel\u00b7l\u00e8ncia\",\"publisher\":{\"@id\":\"https:\\\/\\\/innotub.eu\\\/fr\\\/#organization\"},\"potentialAction\":[{\"@type\":\"SearchAction\",\"target\":{\"@type\":\"EntryPoint\",\"urlTemplate\":\"https:\\\/\\\/innotub.eu\\\/fr\\\/?s={search_term_string}\"},\"query-input\":{\"@type\":\"PropertyValueSpecification\",\"valueRequired\":true,\"valueName\":\"search_term_string\"}}],\"inLanguage\":\"fr-FR\"},{\"@type\":\"Organization\",\"@id\":\"https:\\\/\\\/innotub.eu\\\/fr\\\/#organization\",\"name\":\"Innotub\",\"url\":\"https:\\\/\\\/innotub.eu\\\/fr\\\/\",\"logo\":{\"@type\":\"ImageObject\",\"inLanguage\":\"fr-FR\",\"@id\":\"https:\\\/\\\/innotub.eu\\\/fr\\\/#\\\/schema\\\/logo\\\/image\\\/\",\"url\":\"https:\\\/\\\/innotub.eu\\\/wp-content\\\/uploads\\\/2020\\\/08\\\/innotub-logo-COLOR.png\",\"contentUrl\":\"https:\\\/\\\/innotub.eu\\\/wp-content\\\/uploads\\\/2020\\\/08\\\/innotub-logo-COLOR.png\",\"width\":7453,\"height\":1672,\"caption\":\"Innotub\"},\"image\":{\"@id\":\"https:\\\/\\\/innotub.eu\\\/fr\\\/#\\\/schema\\\/logo\\\/image\\\/\"},\"sameAs\":[\"https:\\\/\\\/x.com\\\/innotub\"]}]}<\/script>\n<!-- \/ Yoast SEO plugin. -->","yoast_head_json":{"title":"S\u00e9minaire sur le r\u00f4le de la faune sauvage dans l'\u00e9pid\u00e9miologie de la tuberculose en Catalogne &#187; Innotub","robots":{"index":"index","follow":"follow","max-snippet":"max-snippet:-1","max-image-preview":"max-image-preview:large","max-video-preview":"max-video-preview:-1"},"canonical":"https:\/\/innotub.eu\/fr\/activitat\/seminaire-sur-le-role-de-la-faune-sauvage-dans-lepidemiologie-de-la-tuberculose-en-catalogne\/","og_locale":"fr_FR","og_type":"article","og_title":"S\u00e9minaire sur le r\u00f4le de la faune sauvage dans l'\u00e9pid\u00e9miologie de la tuberculose en Catalogne &#187; Innotub","og_description":"Bernat P\u00e9rez de Val (IRTA-CReSA) donne un s\u00e9minaire destin\u00e9 aux r\u00e9sidents, d\u00e9tenus...","og_url":"https:\/\/innotub.eu\/fr\/activitat\/seminaire-sur-le-role-de-la-faune-sauvage-dans-lepidemiologie-de-la-tuberculose-en-catalogne\/","og_site_name":"Innotub","article_modified_time":"2022-01-28T14:09:06+00:00","og_image":[{"width":1545,"height":1200,"url":"https:\/\/innotub.eu\/wp-content\/uploads\/2022\/01\/jabali.jpg","type":"image\/jpeg"}],"twitter_card":"summary_large_image","twitter_site":"@innotub","schema":{"@context":"https:\/\/schema.org","@graph":[{"@type":"WebPage","@id":"https:\/\/innotub.eu\/fr\/activitat\/seminaire-sur-le-role-de-la-faune-sauvage-dans-lepidemiologie-de-la-tuberculose-en-catalogne\/","url":"https:\/\/innotub.eu\/fr\/activitat\/seminaire-sur-le-role-de-la-faune-sauvage-dans-lepidemiologie-de-la-tuberculose-en-catalogne\/","name":"S\u00e9minaire sur le r\u00f4le de la faune sauvage dans l'\u00e9pid\u00e9miologie de la tuberculose en Catalogne &#187; Innotub","isPartOf":{"@id":"https:\/\/innotub.eu\/fr\/#website"},"primaryImageOfPage":{"@id":"https:\/\/innotub.eu\/fr\/activitat\/seminaire-sur-le-role-de-la-faune-sauvage-dans-lepidemiologie-de-la-tuberculose-en-catalogne\/#primaryimage"},"image":{"@id":"https:\/\/innotub.eu\/fr\/activitat\/seminaire-sur-le-role-de-la-faune-sauvage-dans-lepidemiologie-de-la-tuberculose-en-catalogne\/#primaryimage"},"thumbnailUrl":"https:\/\/innotub.eu\/wp-content\/uploads\/2022\/01\/jabali.jpg","datePublished":"2022-01-28T14:08:42+00:00","dateModified":"2022-01-28T14:09:06+00:00","breadcrumb":{"@id":"https:\/\/innotub.eu\/fr\/activitat\/seminaire-sur-le-role-de-la-faune-sauvage-dans-lepidemiologie-de-la-tuberculose-en-catalogne\/#breadcrumb"},"inLanguage":"fr-FR","potentialAction":[{"@type":"ReadAction","target":["https:\/\/innotub.eu\/fr\/activitat\/seminaire-sur-le-role-de-la-faune-sauvage-dans-lepidemiologie-de-la-tuberculose-en-catalogne\/"]}]},{"@type":"ImageObject","inLanguage":"fr-FR","@id":"https:\/\/innotub.eu\/fr\/activitat\/seminaire-sur-le-role-de-la-faune-sauvage-dans-lepidemiologie-de-la-tuberculose-en-catalogne\/#primaryimage","url":"https:\/\/innotub.eu\/wp-content\/uploads\/2022\/01\/jabali.jpg","contentUrl":"https:\/\/innotub.eu\/wp-content\/uploads\/2022\/01\/jabali.jpg","width":1545,"height":1200},{"@type":"BreadcrumbList","@id":"https:\/\/innotub.eu\/fr\/activitat\/seminaire-sur-le-role-de-la-faune-sauvage-dans-lepidemiologie-de-la-tuberculose-en-catalogne\/#breadcrumb","itemListElement":[{"@type":"ListItem","position":1,"name":"Inici","item":"https:\/\/innotub.eu\/fr\/"},{"@type":"ListItem","position":2,"name":"Activitats","item":"https:\/\/innotub.eu\/fr\/activitat\/"},{"@type":"ListItem","position":3,"name":"S\u00e9minaire sur le r\u00f4le de la faune sauvage dans l'\u00e9pid\u00e9miologie de la tuberculose en Catalogne"}]},{"@type":"WebSite","@id":"https:\/\/innotub.eu\/fr\/#website","url":"https:\/\/innotub.eu\/fr\/","name":"Innotub","description":"Crear una xarxa cient\u00edfica d&#039;excel\u00b7l\u00e8ncia","publisher":{"@id":"https:\/\/innotub.eu\/fr\/#organization"},"potentialAction":[{"@type":"SearchAction","target":{"@type":"EntryPoint","urlTemplate":"https:\/\/innotub.eu\/fr\/?s={search_term_string}"},"query-input":{"@type":"PropertyValueSpecification","valueRequired":true,"valueName":"search_term_string"}}],"inLanguage":"fr-FR"},{"@type":"Organization","@id":"https:\/\/innotub.eu\/fr\/#organization","name":"Innotub","url":"https:\/\/innotub.eu\/fr\/","logo":{"@type":"ImageObject","inLanguage":"fr-FR","@id":"https:\/\/innotub.eu\/fr\/#\/schema\/logo\/image\/","url":"https:\/\/innotub.eu\/wp-content\/uploads\/2020\/08\/innotub-logo-COLOR.png","contentUrl":"https:\/\/innotub.eu\/wp-content\/uploads\/2020\/08\/innotub-logo-COLOR.png","width":7453,"height":1672,"caption":"Innotub"},"image":{"@id":"https:\/\/innotub.eu\/fr\/#\/schema\/logo\/image\/"},"sameAs":["https:\/\/x.com\/innotub"]}]}},"_links":{"self":[{"href":"https:\/\/innotub.eu\/fr\/wp-json\/wp\/v2\/activitat\/1695","targetHints":{"allow":["GET"]}}],"collection":[{"href":"https:\/\/innotub.eu\/fr\/wp-json\/wp\/v2\/activitat"}],"about":[{"href":"https:\/\/innotub.eu\/fr\/wp-json\/wp\/v2\/types\/activitat"}],"wp:featuredmedia":[{"embeddable":true,"href":"https:\/\/innotub.eu\/fr\/wp-json\/wp\/v2\/media\/1683"}],"wp:attachment":[{"href":"https:\/\/innotub.eu\/fr\/wp-json\/wp\/v2\/media?parent=1695"}],"wp:term":[{"taxonomy":"area","embeddable":true,"href":"https:\/\/innotub.eu\/fr\/wp-json\/wp\/v2\/area?post=1695"}],"curies":[{"name":"wp","href":"https:\/\/api.w.org\/{rel}","templated":true}]}}

Séminaire sur le rôle de la faune sauvage dans l'épidémiologie de la tuberculose en Catalogne

<p>Bernat Pérez de Val (IRTA-CReSA) donne un séminaire destiné aux résidents, détenus et étudiants vétérinaires sur la recherche sur le rôle de la faune dans l'épidémiologie de la tuberculose en Catalogne, y compris les recherches menées dans le cadre du projet Innotub.</p>

<!-- This site is optimized with the Yoast SEO plugin v27.5 - https://yoast.com/product/yoast-seo-wordpress/ -->
<title>Séminaire sur le rôle de la faune sauvage dans l&#039;épidémiologie de la tuberculose en Catalogne &#187; Innotub</title>
<meta name="robots" content="index, follow, max-snippet:-1, max-image-preview:large, max-video-preview:-1" />
<link rel="canonical" href="https://innotub.eu/fr/activitat/seminaire-sur-le-role-de-la-faune-sauvage-dans-lepidemiologie-de-la-tuberculose-en-catalogne/" />
<meta property="og:locale" content="fr_FR" />
<meta property="og:type" content="article" />
<meta property="og:title" content="Séminaire sur le rôle de la faune sauvage dans l&#039;épidémiologie de la tuberculose en Catalogne &#187; Innotub" />
<meta property="og:description" content="Bernat Pérez de Val (IRTA-CReSA) donne un séminaire destiné aux résidents, détenus..." />
<meta property="og:url" content="https://innotub.eu/fr/activitat/seminaire-sur-le-role-de-la-faune-sauvage-dans-lepidemiologie-de-la-tuberculose-en-catalogne/" />
<meta property="og:site_name" content="Innotub" />
<meta property="article:modified_time" content="2022-01-28T14:09:06+00:00" />
<meta property="og:image" content="https://innotub.eu/wp-content/uploads/2022/01/jabali.jpg" />
	<meta property="og:image:width" content="1545" />
	<meta property="og:image:height" content="1200" />
	<meta property="og:image:type" content="image/jpeg" />
<meta name="twitter:card" content="summary_large_image" />
<meta name="twitter:site" content="@innotub" />
<script type="application/ld+json" class="yoast-schema-graph">{"@context":"https:\/\/schema.org","@graph":[{"@type":"WebPage","@id":"https:\/\/innotub.eu\/fr\/activitat\/seminaire-sur-le-role-de-la-faune-sauvage-dans-lepidemiologie-de-la-tuberculose-en-catalogne\/","url":"https:\/\/innotub.eu\/fr\/activitat\/seminaire-sur-le-role-de-la-faune-sauvage-dans-lepidemiologie-de-la-tuberculose-en-catalogne\/","name":"Séminaire sur le rôle de la faune sauvage dans l'épidémiologie de la tuberculose en Catalogne &#187; Innotub","isPartOf":{"@id":"https:\/\/innotub.eu\/fr\/#website"},"primaryImageOfPage":{"@id":"https:\/\/innotub.eu\/fr\/activitat\/seminaire-sur-le-role-de-la-faune-sauvage-dans-lepidemiologie-de-la-tuberculose-en-catalogne\/#primaryimage"},"image":{"@id":"https:\/\/innotub.eu\/fr\/activitat\/seminaire-sur-le-role-de-la-faune-sauvage-dans-lepidemiologie-de-la-tuberculose-en-catalogne\/#primaryimage"},"thumbnailUrl":"https:\/\/innotub.eu\/wp-content\/uploads\/2022\/01\/jabali.jpg","datePublished":"2022-01-28T14:08:42+00:00","dateModified":"2022-01-28T14:09:06+00:00","breadcrumb":{"@id":"https:\/\/innotub.eu\/fr\/activitat\/seminaire-sur-le-role-de-la-faune-sauvage-dans-lepidemiologie-de-la-tuberculose-en-catalogne\/#breadcrumb"},"inLanguage":"fr-FR","potentialAction":[{"@type":"ReadAction","target":["https:\/\/innotub.eu\/fr\/activitat\/seminaire-sur-le-role-de-la-faune-sauvage-dans-lepidemiologie-de-la-tuberculose-en-catalogne\/"]}]},{"@type":"ImageObject","inLanguage":"fr-FR","@id":"https:\/\/innotub.eu\/fr\/activitat\/seminaire-sur-le-role-de-la-faune-sauvage-dans-lepidemiologie-de-la-tuberculose-en-catalogne\/#primaryimage","url":"https:\/\/innotub.eu\/wp-content\/uploads\/2022\/01\/jabali.jpg","contentUrl":"https:\/\/innotub.eu\/wp-content\/uploads\/2022\/01\/jabali.jpg","width":1545,"height":1200},{"@type":"BreadcrumbList","@id":"https:\/\/innotub.eu\/fr\/activitat\/seminaire-sur-le-role-de-la-faune-sauvage-dans-lepidemiologie-de-la-tuberculose-en-catalogne\/#breadcrumb","itemListElement":[{"@type":"ListItem","position":1,"name":"Inici","item":"https:\/\/innotub.eu\/fr\/"},{"@type":"ListItem","position":2,"name":"Activitats","item":"https:\/\/innotub.eu\/fr\/activitat\/"},{"@type":"ListItem","position":3,"name":"Séminaire sur le rôle de la faune sauvage dans l'épidémiologie de la tuberculose en Catalogne"}]},{"@type":"WebSite","@id":"https:\/\/innotub.eu\/fr\/#website","url":"https:\/\/innotub.eu\/fr\/","name":"Innotub","description":"Crear una xarxa científica d&#039;excel·lència","publisher":{"@id":"https:\/\/innotub.eu\/fr\/#organization"},"potentialAction":[{"@type":"SearchAction","target":{"@type":"EntryPoint","urlTemplate":"https:\/\/innotub.eu\/fr\/?s={search_term_string}"},"query-input":{"@type":"PropertyValueSpecification","valueRequired":true,"valueName":"search_term_string"}}],"inLanguage":"fr-FR"},{"@type":"Organization","@id":"https:\/\/innotub.eu\/fr\/#organization","name":"Innotub","url":"https:\/\/innotub.eu\/fr\/","logo":{"@type":"ImageObject","inLanguage":"fr-FR","@id":"https:\/\/innotub.eu\/fr\/#\/schema\/logo\/image\/","url":"https:\/\/innotub.eu\/wp-content\/uploads\/2020\/08\/innotub-logo-COLOR.png","contentUrl":"https:\/\/innotub.eu\/wp-content\/uploads\/2020\/08\/innotub-logo-COLOR.png","width":7453,"height":1672,"caption":"Innotub"},"image":{"@id":"https:\/\/innotub.eu\/fr\/#\/schema\/logo\/image\/"},"sameAs":["https:\/\/x.com\/innotub"]}]}</script>
<!-- / Yoast SEO plugin. -->

Séminaire sur le rôle de la faune sauvage dans l'épidémiologie de la tuberculose en Catalogne &#187; Innotub

Bernat Pérez de Val (IRTA-CReSA) donne un séminaire destiné aux résidents, détenus...

Crear una xarxa científica d&#039;excel·lència
